53, 777103
What are the prime factors of 358339612?
2, 211, 424573
List the prime factors of 16123746.
2, 3, 83, 32377
List the prime factors of 43269125.
5, 59, 5867
What are the prime factors of 258553371?
3, 73, 163, 7243
What are the prime factors of 182792093?
11, 16617463
What are the prime factors of 26178537?
3, 7, 11, 113327
What are the prime factors of 27153036?
2, 3, 251417
List the prime factors of 848006644.
2, 12647, 16763
What are the prime factors of 12739955?
5, 107, 23813
What are the prime factors of 32636273?
31, 223, 4721
What are the prime factors of 2781794746?
2, 1390897373
List the prime factors of 7023258.
2, 3, 11, 79, 449
List the prime factors of 1571140869.
3, 41, 1663, 7681
List the prime factors of 114066136.
2, 1669, 8543
List the prime factors of 430522221.
3, 863, 166289
List the prime factors of 64244221.
23, 2793227
What are the prime factors of 148202871?
3, 37, 179, 7459
List the prime factors of 820844497.
11, 1123, 66449
List the prime factors of 358603545.
3, 5, 107, 223429
List the prime factors of 452198128.
2, 751, 37633
What are the prime factors of 58210514?
2, 29105257
What are the prime factors of 1104268246?
2, 552134123
List the prime factors of 1125128147.
11, 13, 605233
List the prime factors of 65562004.
2, 619, 26479
What are the prime factors of 87388023?
3, 29129341
List the prime factors of 992967866.
2, 11, 4103173
What are the prime factors of 854752001?
113, 7564177
What are the prime factors of 36271025?
5, 7, 29, 1021
What are the prime factors of 6137346303?
3, 11, 31, 401, 4987
List the prime factors of 85862542.
2, 23, 1866577
List the prime factors of 492819281.
53, 2143, 4339
What are the prime factors of 288268848?
2, 3, 7, 95327
List the prime factors of 1677646364.
2, 41, 113, 90527
List the prime factors of 2374256477.
29, 2111, 38783
What are the prime factors of 43893914?
2, 19, 37, 31219
What are the prime factors of 584279800?
2, 5, 13, 17, 13219
List the prime factors of 4950671.
11, 109, 4129
List the prime factors of 2758652549.
37, 97, 768641
List the prime factors of 1188588188.
2, 6397, 46451
List the prime factors of 816768026.
2, 17, 24022589
List the prime factors of 62514176.
2, 41, 1489
What are the prime factors of 5675625755?
5, 19, 1511, 2081
List the prime factors of 7778108610.
2, 3, 5, 86423429
What are the prime factors of 331887218?
2, 13, 103, 123931
List the prime factors of 3854867384.
2, 481858423
What are the prime factors of 4715811269?
13, 362754713
List the prime factors of 3363045019.
179, 3559, 5279
What are the prime factors of 3476486374?
2, 83, 727, 28807
List the prime factors of 21617785.
5, 7, 617651
What are the prime factors of 4897321?
11, 13, 23, 1489
What are the prime factors of 474679794?
2, 3, 79113299
What are the prime factors of 791518238?
2, 7, 56537017
List the prime factors of 93030505.
5, 67, 277703
What are the prime factors of 2710434690?
2, 3, 5, 1097, 9151
What are the prime factors of 1754396146?
2, 683, 827, 1553
List the prime factors of 896230597.
83, 10797959
What are the prime factors of 15122017?
23, 31, 127, 167
What are the prime factors of 151755001?
151755001
What are the prime factors of 801513819?
3, 83, 357659
What are the prime factors of 35133791?
7, 11, 456283
What are the prime factors of 3934568?
2, 11, 44711
What are the prime factors of 89025193?
89025193
What are the prime factors of 49340490?
2, 3, 5, 619, 2657
List the prime factors of 365198325.
3, 5, 37, 101, 1303
What are the prime factors of 77255856?
2, 3, 59611
What are the prime factors of 442396471?
11, 1523, 26407
List the prime factors of 194605228.
2, 31, 1569397
List the prime factors of 601510240.
2, 5, 3759439
List the prime factors of 124617584.
2, 7, 13, 12227
What are the prime factors of 151443627?
3, 37, 41, 107, 311
What are the prime factors of 38479128?
2, 3, 1603297
List the prime factors of 79069977.
3, 7, 193, 929
What are the prime factors of 48338552?
2, 6042319
List the prime factors of 122676243.
3, 40892081
What are the prime factors of 39540560?
2, 5, 494257
What are the prime factors of 2810536344?
2, 3, 7, 11, 613, 827
List the prime factors of 63295797.
3, 1459, 14461
What are the prime factors of 481555266?
2, 3, 19, 29, 145661
What are the prime factors of 113693861?
41, 2773021
List the prime factors of 161668817.
23, 7029079
List the prime factors of 5465578786.
2, 29, 151, 624067
List the prime factors of 202558258.
2, 7, 1201, 1721
What are the prime factors of 1989026734?
2, 101, 163, 193, 313
List the prime factors of 1350282086.
2, 17, 2657, 14947
What are the prime factors of 258519492?
2, 3, 7, 11, 4441
What are the prime factors of 51989341?
51989341
What are the prime factors of 1292861013?
3, 467, 922813
What are the prime factors of 37257257?
29, 31, 41443
What are the prime factors of 39713963?
29, 113, 12119
List the prime factors of 6464343512.
2, 11, 73458449
What are the prime factors of 9139054?
2, 89, 51343
List the prime factors of 1325515852.
2, 23, 181, 79601
List the prime factors of 276332465.
5, 23, 37, 101, 643
What are the prime factors of 373455050?
2, 5, 7469101
List the prime factors of 120902919.
3, 40300973
List the prime factors of 5224461688.
2, 613, 1065347
List the prime factors of 71867350.
2, 5, 1437347
What are the prime factors of 1027673172?
2, 3, 443, 64439
What are the prime factors of 29551568?
2, 73, 25301
List the prime factors of 127271513.
89, 191, 7487
List the prime factors of 107121532.
2, 7, 463, 8263
What are the prime factors of 32474151?
3, 3608239
What are the prime factors of 27963305?
5, 37, 151153
What are the prime factors of 2720003828?
2, 23, 131, 225689
List the prime factors of 40732377.
3, 7, 401, 691
List the prime factors of 79260889.
7283, 10883
List the prime factors of 69045512.
2, 71, 121559
What are the prime factors of 583012999?
83, 7024253
What are the prime factors of 389301521?
7, 7944929
What are the prime factors of 6707784906?
2, 3, 23, 5400793
List the prime factors of 2215258149.
3, 13, 71, 89, 101
List the prime factors of 15398304.
2, 3, 29, 5531
List the prime factors of 588893231.
13219, 44549
List the prime factors of 31545410.
2, 5, 13, 151, 1607
What are the prime factors of 237584652?
2, 3, 743, 26647
What are the prime factors of 36868187?
36868187
What are the prime factors of 7103288562?
2, 3, 127, 9321901
What are the prime factors of 2216393849?
43, 51544043
What are the prime factors of 158506614?
2, 3, 7, 1257989
List the prime factors of 107334777.
3, 11, 157, 20717
List the prime factors of 341413769.
163, 1163, 1801
What are the prime factors of 723037138?
2, 11777, 30697
List the prime factors of 458337363.
3, 11, 761, 18251
List the prime factors of 97224268.
2, 24306067
What are the prime factors of 198971230?
2, 5, 17, 19, 229, 269
What are the prime factors of 93352991?
93352991
List the prime factors of 192209489.
192209489
List the prime factors of 346121458.
2, 37, 137, 34141
What are the prime factors of 3332173662?
2, 3, 185120759
What are the prime factors of 2151577171?
17, 743, 170341
List the prime factors of 8191020000.
2, 3, 5, 211, 647
List the prime factors of 433735303.
9133, 47491
What are the prime factors of 100706822?
2, 37, 1360903
What are the prime factors of 1017527517?
3, 3673, 30781
What are the prime factors of 24513782?
2, 1409, 8699
What are the prime factors of 1298005697?
43, 30186179
List the prime factors of 267312792.
2, 3, 11138033
List the prime factors of 386492212.
2, 17, 457, 12437
What are the prime factors of 1847682990?
2, 3, 5, 167, 269, 457
List the prime factors of 1346106616.
2, 83, 2027269
What are the prime factors of 734997545?
5, 23, 199, 32117
List the prime factors of 41397140.
2, 5, 2069857
List the prime factors of 1726722530.
2, 5, 13, 1753, 7577
What are the prime factors of 6595257332?
2, 109, 743, 20359
What are the prime factors of 277296775?
5, 7, 17, 83, 1123
What are the prime factors of 19254569?
19254569
What are the prime factors of 693225723?
3, 3607, 64063
What are the prime factors of 2485799277?
3, 13, 131, 193, 2521
What are the prime factors of 370692526?
2, 185346263
What are the prime factors of 6762054655?
5, 43, 61, 515597
Li